
100010001010011110
Convert -2211321020 (base 4) to base 2.
-10100101111001001000
Convert 284a8a8 (base 13) to base 15.
11c137b
-113223122232 (base 4) to base 14
-b7811c
What is -70a8c (base 14) in base 10?
-270996
What is 100101011011010111011101 (base 2) in base 5?
10002431141
Convert -10300075 (base 8) to base 15.
-2d57cc
Convert -909b (base 13) to base 4.
-10312331
Convert -14324434 (base 6) to base 4.
-1320133012
What is -4d22d (base 14) in base 9?
-318274
What is -172227 (base 9) in base 16?
-1a07d
What is 4ba9f (base 16) in base 7?
2430361
Convert 1330120112 (base 4) to base 7.
4221212
Convert 35122 (base 13) to base 15.
1da7a
What is 1345cee (base 15) in base 16?
d3f5e9
Convert -1001010101111000010111 (base 2) to base 15.
-335914
Convert -4555b (base 14) to base 7.
-1301044
Convert 121034125 (base 6) to base 10.
2290949
-1b77d19 (base 14) to base 13
-2acc3aa
-102552352 (base 6) to base 2
-110111100000011101100
Convert -7204806 (base 11) to base 3.
-212221201100120
Convert 1001001101111111001 (base 2) to base 8.
1115771
Convert -2210000211 (base 3) to base 13.
-1bb86
Convert 99348 (base 11) to base 13.
50806
-55443543 (base 7) to base 12
-17286a9
12626991 (base 10) to base 13
28014c0
-111011100101111 (base 2) to base 9
-45761
What is 193366 (base 10) in base 5?
22141431
What is 42772 (base 14) in base 13?
58159
4042253 (base 6) to base 10
192345
-200a640 (base 13) to base 2
-100100111010011101101110
-100000232 (base 5) to base 10
-390692
Convert -499488 (base 12) to base 7.
-13120151
Convert -3013101 (base 5) to base 3.
-2102201010
11444420 (base 6) to base 2
1011000110101111100
Convert 100221351 (base 6) to base 2.
110011110100101000011
What is -10301200230 (base 4) in base 13?
-34a775
Convert -858847 (base 11) to base 9.
-2522706
What is -1356607 (base 9) in base 2?
-10110110001100010100
What is 1255 (base 6) in base 11?
274
What is 2b629 (base 13) in base 6?
1433110
What is -11111210111012 (base 3) in base 15?
-3254a8
Convert 1010100000001010101 (base 2) to base 13.
c0850
What is 12310632 (base 8) in base 6?
134220134
Convert -101001001011001010110 (base 2) to base 16.
-149656
Convert 1110110100111011001 (base 2) to base 9.
820412
What is 12410423 (base 6) in base 12?
176a13
-4452306 (base 8) to base 9
-2230843
Convert -196654 (base 11) to base 3.
-120022201001
-4218ab (base 12) to base 13
-2a5396
What is 1a838 (base 15) in base 12?
41a98
Convert 1b09d (base 14) to base 3.
10111021220
-176245b (base 13) to base 6
-430540100
What is -3643216 (base 8) in base 11?
-624163
314a60 (base 14) to base 6
55403524
Convert -233321023303 (base 4) to base 16.
-bf92f3
-33a5a85 (base 11) to base 16
-5ad2cc
What is 10330313223 (base 4) in base 11?
807149
100010111011110111 (base 2) to base 3
21021021211
Convert 36744673 (base 8) to base 5.
4034100241
What is 3c1778 (base 15) in base 9?
5385245
a9042 (base 12) to base 5
24113322
What is 138524 (base 9) in base 12?
41227
What is -185ca (base 14) in base 5?
-3432101
What is 460634 (base 7) in base 10?
81953
-3557a67 (base 11) to base 4
-113222211133
What is 33186 (base 13) in base 4?
112212021
Convert -1322005110 (base 6) to base 12.
-5346796
1001110110011110010 (base 2) to base 4
1032303302
What is a00b (base 16) in base 6?
513403
What is -1000002232 (base 5) in base 15?
-288be7
Convert 47333 (base 12) to base 14.
26b43
Convert 626a5 (base 13) to base 16.
2b30d
Convert -12384286 (base 10) to base 7.
-210156535
What is 1222706 (base 10) in base 13?
33a6c4
7a1a7 (base 11) to base 14
30403
Convert daba4 (base 15) to base 3.
1022021200101
-8cb5a (base 16) to base 2
-10001100101101011010
Convert 150212632 (base 7) to base 13.
2094061
1304211200 (base 5) to base 13
87b088
-20bb601 (base 14) to base 13
-32a1cc5
What is 19b2988 (base 13) in base 16?
8186c4
1130411101 (base 5) to base 4
21320222221
306794 (base 12) to base 10
757984
What is 48061 (base 14) in base 3?
22221000110
Convert -a3c6 (base 15) to base 7.
-202623
What is 33111232 (base 4) in base 7?
351115
What is 432330 (base 8) in base 9?
240316
Convert 20524415 (base 6) to base 2.
10010011000011111011
What is 60096 (base 10) in base 2?
1110101011000000
Convert -132544331 (base 6) to base 12.
-a820a7
What is -41635260 (base 7) in base 13?
-963c78
Convert -131302035 (base 6) to base 11.
-1509891
-a0951 (base 14) to base 16
-5e3cb
Convert -130525110 (base 6) to base 2.
-1001110001011111100010
35112211 (base 7) to base 8
13575332
Convert -3030111001 (base 4) to base 2.
-11001100010101000001
11304033 (base 5) to base 9
167148
What is -11820a0 (base 11) in base 10?
-2052512
Convert 1150223 (base 6) to base 9.
102606
What is -1100301 (base 6) in base 15?
-11261
What is -ce1b9 (base 15) in base 16?
-9ff2d
Convert -12835 (base 11) to base 16.
-4785
d922 (base 15) to base 5
2432212
Convert 328219 (base 10) to base 13.
b6518
What is 59619 (base 13) in base 7?
1251003
Convert 36966 (base 13) to base 3.
12002211010
120020020201 (base 3) to base 6
10231544
Convert 15481763 (base 9) to base 5.
3434331321
Convert 104315 (base 7) to base 4.
10132202
-511574 (base 8) to base 12
-81850
Convert 511410 (base 6) to base 11.
28507
102903 (base 10) to base 9
166136
Convert 14aa64 (base 11) to base 7.
1663546
-12ae8 (base 16) to base 9
-125862
-1119601 (base 11) to base 3
-10200120120002
What is 2002122011101 (base 3) in base 2?
100010000001010000111
-bda5d (base 14) to base 7
-3624646
What is 9ec55e (base 15) in base 13?
1757492
-1734b (base 16) to base 6
-2012015
-21d927 (base 16) to base 5
-1031441104
Convert -120a73 (base 13) to base 16.
-69077
Convert -934 (base 12) to base 11.
-1005
What is 1111110000001100110 (base 2) in base 13?
150c57
f6ef9 (base 16) to base 12
4093b5
Convert -aba70 (base 15) to base 8.
-2051702
44332341 (base 5) to base 3
201122022101
Convert -362769 (base 13) to base 5.
-312302114
374118 (base 16) to base 2
1101110100000100011000
Convert 271194 (base 12) to base 11.
4004a2
Convert -486b89 (base 14) to base 3.
-11122212022021
Convert -12001201022 (base 4) to base 13.
-43398b
Convert 10002588 (base 9) to base 16.
490310
277301 (base 8) to base 12
48855
What is 6514473 (base 8) in base 6?
101210111
-4c4009 (base 15) to base 9
-6785470
-67b83 (base 12) to base 7
-1113621
-518c5 (base 13) to base 15
-2d62a
12535642 (base 8) to base 12
b3082a
What is 1001001100110000 (base 2) in base 16?
9330
Convert 14a895 (base 14) to base 12.
2a9043
2b8097 (base 12) to base 6
23504311
-320302331 (base 4) to base 11
-149869
970374 (base 10) to base 8
3547206
3333214 (base 6) to base 14
4529c
What is 1784219 (base 10) in base 9?
3318435
142030 (base 10) to base 14
39a90
What is 1043612 (base 11) in base 16?
1bff69
What is 62241326 (base 7) in base 4?
103322132330
What is -225747 (base 11) in base 14?
-94b45
Convert -84e6d4 (base 16) to base 2.
-100001001110011011010100
520425 (base 6) to base 16
a2a1
675ac (base 14) to base 6
5213140
What is 32042204 (base 5) in base 15?
54804
Convert 5015621 (base 7) to base 5.
122431140
Convert -21430300 (base 5) to base 7.
-1404136
-66415022 (base 7) to base 6
-322322332
45b710 (base 12) to base 15
171876
What is 11d6df (base 16) in base 9?
2171651
What is 334342120 (base 5) in base 14?
2a7994
What is 12411550 (base 9) in base 8?
27166073
What is 45013 (base 9) in base 16?
74cd
289a531 (base 11) to base 4
102333021200
1101100100010001011 (base 2) to base 6
13310043
Convert 5318865 (base 9) to base 3.
12100122222012
Convert 2100113021 (base 4) to base 15.
ba305
Convert -3d7605 (base 15) to base 7.
-34112216
-194450 (base 11) to base 3
-120011201100
What is 35406054 (base 7) in base 10?
3128199
Convert -245330 (base 7) to base 3.
-2021212102
What is 4159569 (base 10) in base 13?
b283ab
Convert -4298bd (base 14) to base 8.
-10463337
Convert -839 (base 13) to base 4.
-111320
What is -12131022310 (base 4) in base 5?
-413123330
What is 235db (base 15) in base 4?
123201002
Convert -24214131 (base 6) to base 5.
-143424023
What is 64a89 (base 12) in base 9?
222236
44403351 (base 6) to base 9
2458664
Convert -202000110011 (base 3) to base 13.
-10a43a
Convert -1331629 (base 12) to base 5.
-1433003223
Convert -122201032103 (base 4) to base 2.
-11010100001001110010011
What is -1a1042 (base 13) in base 2?
-10100000111011010010
What is -1573